ors of 5483518443.
3, 13, 73, 197, 3259
What are the prime factors of 8068370399?
23, 350798713
List the prime factors of 3133196.
2, 11, 71209
List the prime factors of 2384421850.
2, 5, 47688437
What are the prime factors of 220870345?
5, 19, 53, 43867
List the prime factors of 52138778.
2, 449, 58061
List the prime factors of 1963938.
2, 3, 29, 11287
What are the prime factors of 171043224?
2, 3, 11, 647891
List the prime factors of 267746089.
13, 53, 79, 4919
What are the prime factors of 27725618?
2, 13862809
What are the prime factors of 44954805?
3, 5, 7, 31, 1973
List the prime factors of 79305719.
31, 2558249
What are the prime factors of 908702795?
5, 7, 11, 13, 37, 701
List the prime factors of 3155901806.
2, 23, 997, 68813
List the prime factors of 362261020.
2, 5, 11, 1646641
List the prime factors of 68984420.
2, 5, 641, 5381
What are the prime factors of 22424326?
2, 17, 659539
List the prime factors of 21410855.
5, 67, 63913
List the prime factors of 64904048.
2, 11, 368773
List the prime factors of 262368854.
2, 11, 17, 317, 2213
List the prime factors of 489420461.
67, 107, 233, 293
List the prime factors of 67072948.
2, 43, 47, 8297
What are the prime factors of 1725264544?
2, 53914517
What are the prime factors of 14940228?
2, 3, 1245019
List the prime factors of 97153596.
2, 3, 29, 93059
List the prime factors of 145123578.
2, 3, 89, 157, 577
What are the prime factors of 30508901?
30508901
List the prime factors of 14939256.
2, 3, 191, 3259
What are the prime factors of 722064122?
2, 13, 27771697
What are the prime factors of 340290833?
773, 440221
List the prime factors of 114175352.
2, 14271919
List the prime factors of 256394712.
2, 3, 7, 61, 127, 197
List the prime factors of 741956440.
2, 5, 163, 113797
List the prime factors of 4044911002.
2, 11, 67, 1439, 1907
List the prime factors of 3637500047.
17, 213970591
What are the prime factors of 1298128579?
11, 23, 47, 109169
List the prime factors of 47447705.
5, 43, 220687
What are the prime factors of 82062952?
2, 31, 330899
List the prime factors of 21165745.
5, 47, 90067
What are the prime factors of 272940950?
2, 5, 17, 107, 3001
List the prime factors of 334483965.
3, 5, 2477659
What are the prime factors of 371306070?
2, 3, 5, 4125623
What are the prime factors of 883656957?
3, 17, 541, 32027
List the prime factors of 4136546317.
227, 18222671
List the prime factors of 60131629.
67, 137, 6551
List the prime factors of 91199292.
2, 3, 7599941
What are the prime factors of 52719270?
2, 3, 5, 1757309
What are the prime factors of 1036957382?
2, 113, 179, 25633
What are the prime factors of 839074927?
619, 1355533
What are the prime factors of 146447747?
241, 607667
What are the prime factors of 176198150?
2, 5, 3523963
List the prime factors of 13617539.
13, 97, 10799
What are the prime factors of 5740292314?
2, 3331, 861647
What are the prime factors of 288196554?
2, 3, 73, 657983
List the prime factors of 1090659919.
1090659919
List the prime factors of 63234461.
113, 559597
What are the prime factors of 39605902?
2, 7, 2828993
List the prime factors of 300258637.
7, 43, 571, 1747
What are the prime factors of 66554623?
29, 2294987
List the prime factors of 169252472.
2, 43, 492013
What are the prime factors of 155637954?
2, 3, 29, 298157
List the prime factors of 102815726.
2, 13, 19, 208129
What are the prime factors of 9840466?
2, 4920233
List the prime factors of 624837621.
3, 11437, 18211
List the prime factors of 25299787.
103, 245629
List the prime factors of 6795951924.
2, 3, 53, 10685459
What are the prime factors of 5834311995?
3, 5, 388954133
What are the prime factors of 333993527?
7, 47713361
List the prime factors of 964641443.
251, 1663, 2311
What are the prime factors of 961640394?
2, 3, 11, 13, 17, 65929
What are the prime factors of 4860373?
7, 694339
List the prime factors of 39447774.
2, 3, 269, 8147
List the prime factors of 379851567.
3, 10453, 12113
List the prime factors of 47233597.
47233597
List the prime factors of 483603539.
17, 47, 605261
What are the prime factors of 775154371?
2273, 341027
List the prime factors of 2708719226.
2, 131, 10338623
List the prime factors of 348670885.
5, 199, 350423
What are the prime factors of 218892192?
2, 3, 2280127
List the prime factors of 402538340.
2, 5, 887, 22691
List the prime factors of 1789616368.
2, 47, 2379809
What are the prime factors of 60082009?
13, 19, 347, 701
What are the prime factors of 213157545?
3, 5, 163, 87181
What are the prime factors of 132636831?
3, 631, 70067
What are the prime factors of 63871143?
3, 7, 197, 15439
List the prime factors of 219310953.
3, 73103651
What are the prime factors of 274319531?
17, 16136443
What are the prime factors of 100277447?
23, 29, 149, 1009
What are the prime factors of 40588112?
2, 17, 37, 109
List the prime factors of 121261431.
3, 40420477
What are the prime factors of 124974180?
2, 3, 5, 23, 30187
What are the prime factors of 69464281?
37, 397, 4729
What are the prime factors of 394458103?
13, 269, 112799
List the prime factors of 1181659823.
43, 313, 87797
List the prime factors of 2356055049.
3, 401, 1049, 1867
What are the prime factors of 2650921802?
2, 59, 1621, 13859
List the prime factors of 71323100.
2, 5, 479, 1489
List the prime factors of 42770641.
89, 480569
What are the prime factors of 2486892068?
2, 621723017
List the prime factors of 81503003.
733, 111191
What are the prime factors of 42337198?
2, 43, 492293
List the prime factors of 32398090.
2, 5, 17, 190577
List the prime factors of 61608368.
2, 331, 11633
List the prime factors of 44834328.
2, 3, 7, 11, 8087
List the prime factors of 3746970184.
2, 468371273
What are the prime factors of 318667404?
2, 3, 11, 1051, 2297
List the prime factors of 208489945.
5, 19, 2194631
What are the prime factors of 1017615275?
5, 83, 490417
What are the prime factors of 137678552?
2, 11, 23, 68023
What are the prime factors of 30669814?
2, 7, 643, 3407
List the prime factors of 849095623.
23, 67, 551003
List the prime factors of 31566723.
3, 10522241
List the prime factors of 4974359560.
2, 5, 29, 599, 7159
List the prime factors of 913167265.
5, 19, 9612287
List the prime factors of 2605191291.
3, 41, 7060139
List the prime factors of 298716164.
2, 74679041
List the prime factors of 2606888207.
7, 11, 379, 89329
What are the prime factors of 45856281?
3, 197, 77591
List the prime factors of 905423696.
2, 31, 1825451
List the prime factors of 1088481814.
2, 7, 17, 97, 47149
What are the prime factors of 928396410?
2, 3, 5, 397, 77951
What are the prime factors of 25246435?
5, 5049287
List the prime factors of 63498666.
2, 3, 7, 11, 137443
What are the prime factors of 1345657253?
17, 73, 1084333
What are the prime factors of 467612338?
2, 613, 381413
List the prime factors of 1401131260.
2, 5, 619, 113177
What are the prime factors of 102280859?
102280859
List the prime factors of 1224897688.
2, 7, 673, 4643
List the prime factors of 160932219.
3, 7, 23, 47599
What are the prime factors of 327048246?
2, 3, 7, 123601
List the prime factors of 49156513.
7, 7022359
What are the prime factors of 196897152?
2, 3, 19, 26987
List the prime factors of 30114184.
2, 3764273
List the prime factors of 298464383.
7, 42637769
What are the prime factors of 365841286?
2, 313, 584411
What are the prime factors of 132566694?
2, 3, 13, 41, 41453
What are the prime factors of 213003126?
2, 3, 7, 751, 2251
What are the prime factors of 506931314?
2, 109, 1259, 1847
List the prime factors of 1212256014.
2, 3, 202042669
List the prime factors of 26327774.
2, 11, 1196717
List the prime factors of 252213752.
2, 7, 19, 237043
What are the prime factors of 2504386779?
3, 43, 587, 33073
What are the prime factors of 206443223?
7, 17, 47, 5273
What are the prime factors of 24154069?
59, 409391
List the prime factors of 2017641085.
5, 403528217
What are the prime factors of 36890743?
36890743
List the prime factors of 1489929849.
3, 2053, 26879
What are the prime factors of 647220981?
3, 11, 1597, 12281
List the prime factors of 42840747.
3, 157, 30319
What are the prime factors of 523971849?
3, 2833, 61651
List the prime factors of 352944661.
352944661
What are the prime factors of 67513852?
2, 7, 24112